nvert 5a103 (base 13) to base 8.
502123
What is 48956 (base 14) in base 16?
2b530
What is -6201440 (base 7) in base 15?
-e9435
What is -23a252 (base 12) in base 7?
-4623452
Convert -1440215 (base 13) to base 14.
-bd4097
Convert -110001021102 (base 3) to base 11.
-152179
-6a263 (base 13) to base 4
-233103123
Convert -41202441 (base 5) to base 3.
-122000012000
-2d2ac7 (base 14) to base 7
-16311140
Convert -13477280 (base 9) to base 2.
-11001011011001000110000
What is 111010101100000110 (base 2) in base 4?
322230012
What is -747ad (base 16) in base 14?
-c5c29
454216 (base 8) to base 3
21210220011
What is 631187 (base 12) in base 2?
101111100001010110111
Convert 1100323311 (base 4) to base 8.
1207365
142b40 (base 13) to base 16
78142
Convert -321000433 (base 5) to base 3.
-2112021102220
Convert -3b0306 (base 16) to base 9.
-7244058
What is -110299 (base 10) in base 6?
-2210351
-1110133131 (base 4) to base 14
-9019b
Convert -1214616 (base 7) to base 9.
-256073
-5034 (base 13) to base 15
-3403
What is -52451413 (base 6) in base 3?
-2212210001200
26a425 (base 11) to base 4
1213131121
What is -73070 (base 10) in base 3?
-10201020022
Convert -101001202000112 (base 3) to base 13.
-1153706
-206a00 (base 11) to base 4
-1100320202
21830170 (base 9) to base 2
101000011001010110011110
403303 (base 6) to base 3
1121201010
Convert 2370784 (base 9) to base 15.
1a6334
-111010101101011111 (base 2) to base 11
-154748
What is 1271a1b (base 14) in base 8?
41675351
Convert -550535144 (base 6) to base 14.
-1442888
Convert -1069b54 (base 15) to base 10.
-11727304
What is -2c9d7 (base 15) in base 2?
-100011001001101001
Convert 12740b (base 14) to base 4.
2122330203
What is -45352 (base 14) in base 10?
-168044
14483d (base 14) to base 9
1282738
Convert -21210202010211 (base 3) to base 11.
-23835a2
What is -259b0 (base 12) in base 8?
-144524
-91b53 (base 14) to base 10
-350717
Convert -24cd0 (base 16) to base 11.
-a3283
2542612 (base 7) to base 8
1204306
-1a8b98 (base 13) to base 6
-22255435
-3264302 (base 8) to base 11
-550277
What is 2e6ba (base 16) in base 2?
101110011010111010
Convert -111001111111100011100 (base 2) to base 3.
-10120112202002
What is 47d79e (base 16) in base 10?
4708254
What is 100301032 (base 4) in base 8?
206116
What is -8af41 (base 16) in base 6?
-20110545
What is 134444210 (base 5) in base 3?
1022201102002
What is -10000401 (base 5) in base 16?
-13192
-58416 (base 14) to base 7
-1553226
Convert -5725c (base 13) to base 10.
-158599
243446 (base 9) to base 16
23dcf
1101011101110110110 (base 2) to base 13
125b0b
Convert -3105661 (base 8) to base 5.
-202302233
a32c (base 15) to base 3
1202021120
What is eb3a2 (base 16) in base 9?
1727584
Convert -1ee0a8 (base 16) to base 10.
-2023592
What is 13577b (base 15) in base 4?
3203000120
What is -19d65 (base 16) in base 14?
-2a7d3
What is 6017692 (base 10) in base 9?
12281644
Convert 520862 (base 13) to base 12.
78428b
What is 10102131111 (base 4) in base 10?
1124181
15225103 (base 6) to base 12
218193
Convert -1233123313 (base 4) to base 15.
-90394
Convert 1404401014 (base 5) to base 14.
69682b
Convert 7326723 (base 8) to base 10.
1945043
103300211210 (base 4) to base 7
62012210
Convert 709228 (base 10) to base 13.
1baa80
-4d400 (base 15) to base 7
-2046630
Convert 5565421 (base 9) to base 2.
1011011011011001011100
Convert -124bb2 (base 16) to base 5.
-301332101
Convert -2030001334 (base 5) to base 3.
-21210101011121
Convert 5111013 (base 6) to base 3.
110022202100
Convert 3e43 (base 15) to base 9.
20260
20211100212 (base 3) to base 12
65942
What is 32122003213 (base 4) in base 3?
21002212201101
Convert -5a502 (base 11) to base 12.
-42502
What is 349470 (base 14) in base 13?
4a9ca1
What is -30515530 (base 6) in base 9?
-1582770
Convert 20abf (base 16) to base 2.
100000101010111111
Convert 29075 (base 10) to base 2.
111000110010011
What is 5266163 (base 7) in base 12?
269555
What is -12111210101 (base 3) in base 7?
-631144
-146443 (base 10) to base 16
-23c0b
Convert 13357 (base 10) to base 8.
32055
Convert -12036407 (base 9) to base 16.
-59929f
What is -d4d8 (base 14) in base 11?
-25595
What is -134ea (base 15) in base 16?
-f1ae
Convert -3304203134 (base 5) to base 4.
-123011200003
What is d82134 (base 16) in base 13?
2c1c139
Convert -28b24 (base 13) to base 2.
-10010101100101011
2145163 (base 7) to base 14
6c06a
What is 512104331 (base 6) in base 5?
4221430340
Convert -139123 (base 12) to base 2.
-1001111110001101011
What is 4a525 (base 12) in base 8?
305155
What is -69821 (base 11) in base 4?
-120213100
Convert ed260 (base 15) to base 10.
753165
What is 302 (base 13) in base 15?
23e
What is 232501504 (base 6) in base 9?
8131784
What is 13223102 (base 5) in base 11?
90940
Convert -510533 (base 6) to base 7.
-225501
Convert 460783 (base 10) to base 9.
772061
Convert -17725217 (base 8) to base 11.
-239a89a
Convert -d7a7 (base 14) to base 11.
-25a40
293aa59 (base 11) to base 15
69b943
54633 (base 11) to base 12
39a77
Convert 100010102120 (base 3) to base 14.
4967c
-222020002220010 (base 3) to base 4
-311022300021
2c56b (base 15) to base 4
202322000
1122110001212 (base 3) to base 8
3254542
What is -10021313301 (base 4) in base 2?
-100001001110111110001
11100100211201 (base 3) to base 8
10637705
Convert 703790 (base 10) to base 16.
abd2e
-213842a (base 11) to base 3
-21001222201212
Convert 3747737 (base 10) to base 8.
16227631
-c1e372 (base 16) to base 10
-12706674
125040 (base 7) to base 14
8720
-400341 (base 5) to base 4
-3010310
What is -67151 (base 8) in base 6?
-334505
What is 7a6b (base 16) in base 15?
9444
What is 2446515 (base 9) in base 8?
5045703
Convert 431424503 (base 6) to base 16.
749277
Convert -3504555 (base 6) to base 16.
-2bed7
-10101011001110010 (base 2) to base 12
-42896
Convert -784776 (base 9) to base 10.
-469383
What is 53155544 (base 6) in base 2?
101111011101011111000
Convert -200111210100111 (base 3) to base 7.
-146421262
Convert 54492b7 (base 12) to base 7.
253126462
Convert -8b6d3 (base 15) to base 13.
-126c39
What is 2612137 (base 9) in base 13?
3ab9a3
423205141 (base 6) to base 8
34271365
What is b224c (base 13) in base 2?
1001101110111110111
302969 (base 11) to base 13
14086c
Convert -33010032120 (base 4) to base 9.
-7378573
-10112344 (base 6) to base 13
-a1a61
Convert 412140413 (base 5) to base 3.
10011020020122
a981 (base 16) to base 5
2342033
What is -100453 (base 7) in base 8?
-41221
Convert 106144 (base 7) to base 2.
100101000000010
Convert -7db42 (base 15) to base 14.
-a60b9
Convert 12b98 (base 12) to base 16.
6524
What is 42312340 (base 6) in base 13?
3447b7
37577cb (base 13) to base 16
1070be4
-2121002010 (base 4) to base 9
-1154746
-110111010010111 (base 2) to base 15
-85c6
344510211 (base 6) to base 2
11000010110111100111111
Convert 10323123131 (base 4) to base 5.
312320442
23233441 (base 7) to base 15
2a5104
430443342 (base 6) to base 10
7595342
219 (base 15) to base 3
122120
Convert 187539 (base 14) to base 4.
3103101233
What is -26cbd2 (base 14) in base 5?
-320411122
113003100 (base 4) to base 9
153456
Convert -b78a (base 15) to base 13.
-1489c
Convert 13320113323 (base 4) to base 13.
574447
What is -421466 (base 7) in base 12?
-36035
What is -121002322 (base 4) in base 14?
-29558
20174052 (base 9) to base 8
44716225
What is -102110320 (base 4) in base 10?
-75064
Convert 1002313003 (base 5) to base 11.
1142762
-70e79 (base 16) to base 15
-92057
-5014e (base 16) to base 3
-121122221200
What is 10043414 (base 6) in base 16?
45ce2
What is -366ab8 (base 15) in base 3?
-11220022202202
What is -1062564 (base 8) in base 10?
-288116
1011011010101 (base 2) to base 7
23020
Convert 66277 (base 14) to base 2.
111100011010100001
What is -810915 (base 11) in base 4?
-10332121122
What is -1a8cd7 (base 16) in base 7?
-20534601
What is 26a079 (base 13) in base 7?
10645633
What is 10010110000101110 (base 2) in base 16?
12c2e
-32054756 (base 8) to base 5
-3222320031
Convert -125244140 (base 7) to base 8.
-36540377
What is -81f874 (base 16) in base 11?
-4898568
Convert 413332013 (base 5) to base 6.
100225440
Convert 370765 (base 13) to base 4.
11001010000
-1103010344 (base 5) to base 11
-1393724
What is 73406 (base 11) in base 6?
2143122
What is 5131055 (base 6) in base 8?
736713
1022